*p = 9. Let o(m) be the first derivative of p - m - 1/2*m**2 - m**3. Determine o(-1).
-3
Let b(c) = -53*c**2 - 3 + 7 - 4*c + 52*c**2. Calculate b(-4).
4
Let u(w) = w**2 - 3. Let i(b) = -b + 9. Let o be i(6). Determine u(o).
6
Let i(q) = q. Let m be i(1). Let h = m - -1. Let l(f) = 0 - 2 + f - 2*f**h + 3. Give l(-1).
-2
Let m = 5 + -7. Let f = 1 + m. Let r(u) be the third derivative of -3*u**5/20 - u**4/12 - u**3/6 + 18*u**2. Determine r(f).
-8
Let a(t) be the third derivative of -t**4/12 - 2*t**3/3 - 8*t**2. What is a(-4)?
4
Let j(t) be the third derivative of -t**6/120 - 7*t**5/60 - 7*t**4/24 + 5*t**3/6 - 4*t**2. Determine j(-6).
11
Let r(w) = 1 + 0*w - 4*w + 3*w - 7. Calculate r(-3).
-3
Let j(t) = -1 + t**2 - 7*t + 5*t**2 - t**2 - 4*t**2. Let s be 4 - 4 - (-5 + 0). What is j(s)?
-11
Let v(s) be the first derivative of -s**5/20 + s**4/4 + 2*s**3/3 + 2*s**2 - 4*s + 8. Let h(m) be the first derivative of v(m). Determine h(4).
4
Let p(u) = u**3 - 5*u**2 + 4*u - 4. Let c be 16/(-24) - 42/(-9). Give p(c).
-4
Let q(k) be the second derivative of k**3/2 - k**2/2 - 4*k. Suppose 3*z + 0*z - 4*r = 11, 0 = 3*z - 5*r - 13. Give q(z).
2
Let t(i) = i + 698 + 3*i**2 - i**3 - 701 + 0*i. Determine t(3).
0
Let f(r) = r**3 + 2*r**2 - 2*r + 4. Suppose -2*p = -3*l + 8, p - 3 = l - 3*l. Let u(w) = 3*w + l + w - 1. Let t be u(-1). Determine f(t).
1
Let s(j) = j**3 - 3*j**2 - 3*j. Let h(v) = v**2 + 22*v - 20. Let k be h(-23). Calculate s(k).
-9
Let v(d) = 3*d - 2. Let k be v(2). Let n(y) be the third derivative of -1/8*y**k + 1/60*y**5 + 2/3*y**3 + 0*y + 3*y**2 + 0. Calculate n(4).
8
Let s(b) = b - 1. Let t(h) = -3*h + 3. Let n(o) = -4*s(o) - t(o). Give n(-3).
4
Let p(l) = l**3 - 8*l**2 + 7*l. Let z(k) = -k + 20. Let q be z(13). Determine p(q).
0
Let c(g) = -3*g + 18. Let w be c(8). Let l(d) = -3*d**2 - 4*d + 2. Let p(o) = -13*o**2 - 15*o + 9. Let m(n) = 9*l(n) - 2*p(n). Determine m(w).
0
Suppose -7*s + 5*q + 15 = -3*s, -2*q + 50 = 4*s. Suppose s = -5*h + 40. Let p be 3/(-1 - 3/h). Let j(n) = -n**3 - n**2 + 2. Give j(p).
6
Suppose d - 5*d = 4. Let w(t) = -5*t**2 - 2*t - 1. Determine w(d).
-4
Let g(t) = t**2 - 3 - 5*t - 2*t**2 - 1 + 11. Let a(u) = u**2 + 5*u - 6. Let f(n) = -4*a(n) - 3*g(n). Determine f(-6).
-3
Let n(w) be the second derivative of w**5/5 + w**4/6 - w**3/3 + w**2/2 - 11*w. What is n(1)?
5
Let p(a) = 5*a + 0*a - 1 + a**2 - 10*a + 4*a. What is p(-2)?
5
Let o be (-14)/(-294)*(-14)/(-4). Let w(b) be the second derivative of 0 - o*b**3 - b + 2*b**2. Determine w(4).
0
Let j(l) = -l**3 - 3*l**2 - 2*l + 3. Let o(y) = y**3 - 7*y**2 + 7*y - 4. Let c be o(6). Let t(k) = k**2 - 3*k - 1. Let z be t(c). Determine j(z).
9
Suppose -4 = 4*m - 4*g, -3 = 9*m - 8*m - 2*g. Let x(b) = -5*b + 1. Calculate x(m).
-4
Suppose -5*n - 40 = 4*j, 0*n - 5*j - 37 = 3*n. Let r(d) = d**2 + d + 1. Let m(z) = -z**3 + 6*z + 6. Let l(v) = n*r(v) + m(v). Determine l(-5).
17
Let g(w) = 16*w**2 - 1. Let m = 8 - 7. What is g(m)?
15
Let j(a) = a**2 + 7*a - 6. Let y be (-7)/(3 - 0 - 2). Calculate j(y).
-6
Let d(t) = 11*t**2 - 4*t - 2. Let i(c) = -5*c**2 + 2*c + 1. Let y(g) = -4*d(g) - 9*i(g). Let x(j) = -j**2 - 9*j + 25. Let o be x(-11). Calculate y(o).
2
Suppose -5*b = -0*b - 15. Let f(u) be the second derivative of u**5/20 - u**4/3 + u**3/6 - 2*u. Give f(b).
-6
Let h(f) be the third derivative of -5*f**2 + 0 + 1/6*f**3 - 1/12*f**4 + 0*f + 1/30*f**5. Give h(1).
1
Let q(d) = 3*d - 1. Let a be 4*-1 + 1 - -12. Let k be 2/9 - (-25)/a. Give q(k).
8
Suppose 3*s + o = 17, -3*s + 2*o + 6 = -s. Let j(x) = 4 + 2*x - 1 + s - 3. Determine j(-4).
-3
Let m(x) = 2*x**2 + 1. Suppose -2*j - 3*y = -41, -5*j + 137 = -4*y - 0*y. Suppose -3*l + s = -4*l - 7, s - j = 3*l. Let o = 6 + l. What is m(o)?
9
Suppose -5*g - 8 = 2. Let o(t) = -6*t - 1. Calculate o(g).
11
Suppose 0 = 3*l + 3*w - w, 5*l + w = 7. Let a(c) = -l*c - 3 + 0 + 3*c + 2. Calculate a(-1).
-2
Let b(i) be the second derivative of -5/2*i**2 + 1/6*i**3 - 1/20*i**5 - 1/12*i**4 + 0 - 2*i. Determine b(0).
-5
Let t be (2/4)/((-2)/8). Let h(q) be the first derivative of -q**4/4 - q**3 - 2*q**2 - 2*q - 31. What is h(t)?
2
Suppose 0*y = -3*y + 12. Let b(c) = 2*c - 4. Determine b(y).
4
Let l(q) = -3*q**2 - q + 1. Suppose -33 = -5*j + 7. Let b = j - 7. Calculate l(b).
-3
Let d(q) = q**3 + q**2 + 11. Suppose -2 = -s - 0. Let a be -2 + 1 + s/2. Give d(a).
11
Suppose 0 = -x + 1 + 1. Let s(a) = -5*a**x - 2 + 1 + 2*a**2. Let j = -11 + 10. Determine s(j).
-4
Let x(w) = -3*w**3 - 2*w**2 + 1. Suppose 4*r - 7*r - 36 = 0. Let z be (-4)/10 - r/(-20). Give x(z).
2
Let s(p) be the third derivative of -p**5/60 - p**4/4 + p**3/3 - p**2. Let y be s(-6). Let q(f) = -f**2 + f - 1. Determine q(y).
-3
Suppose 3*c - 5*s = 9, c + 4*s = -3*c + 12. Let n(w) = 2*w + 3*w - 1 - c*w. What is n(6)?
11
Let k(r) = -2*r + 3. Let a be k(1). Let z(t) = t**3 - t + 1. Let u(c) = 2*c**3 - c**2 - 3*c + 4. Let m(n) = u(n) - 3*z(n). Give m(a).
-1
Let u(v) = -10*v**2 + 3*v - 2. Let f(k) = -k**2 + k - 1. Let q(h) = -h**3 - 6*h**2 + 7*h + 1. Let a be q(-7). Let t(b) = a*u(b) - 3*f(b). Give t(-1).
-6
Let m(n) be the second derivative of -6*n + 0 - 4/3*n**3 - 3/2*n**2. Calculate m(-2).
13
Let k(f) be the first derivative of f**2/2 - 8*f - 7. Calculate k(-7).
-15
Let u(v) be the third derivative of v**6/120 + 2*v**5/15 + 5*v**3/6 + 20*v**2. Calculate u(-8).
5
Let t(d) = -d**2 + 5*d + 5. Let j = -44 + 68. Let x be (18/(-8))/((-9)/j). What is t(x)?
-1
Let k(d) be the first derivative of -1/2*d**2 - 1/2*d**4 - 2 + d - d**3. Let g = 2 - 4. Determine k(g).
7
Suppose 0 = -5*h - 0*h - t + 23, 3*h + 3*t = 21. Let a(k) = k**3 - 4*k**2 - k + 2. Let q be a(h). Let u(r) = -r**3 - 2*r**2 + 2*r + 3. Determine u(q).
-1
Suppose 1 - 11 = -5*t, 5*t = 5*m - 5. Let v(p) = 5 - 4*p**2 + 6*p + 2 + m*p**2. What is v(6)?
7
Let s = -13 + 7. Let n(u) = -u + 3. Determine n(s).
9
Let f(y) = 8*y**3 - y**2 + 1. Let k be (6/24)/(3/(-12)). Give f(k).
-8
Let m(t) = 3 - 3*t**2 + 4*t**2 - 4*t - 2*t + t. Calculate m(6).
9
Suppose -3*s = 5 - 17. Let i(p) be the second derivative of -p**3/6 - p**2/2 - p. Let n(t) = 2*t + 8. Let q(a) = 3*i(a) + n(a). Calculate q(s).
1
Let c(o) = -o**2 - o + 1. Let x(f) = -13*f**2 + 0*f**2 + 9*f + 22*f**2 - 6. Let r(i) = -6*c(i) - x(i). Give r(-2).
-6
Let p be ((-24)/20)/((-4)/20). Suppose 0 = a - 0 - p. Let b(o) = -o**3 + 5*o**2 + 8*o - 8. Determine b(a).
4
Let f(j) = -2*j**3. Let y be f(-1). Let z = -6 + y. Let t(o) = -o**2 - o. Give t(z).
-12
Let l = 0 + 3. Suppose 0 = -l*j - 2*j. Let b(a) = -4*a**3 - 4*a + 3*a**3 - 4*a**2 + j*a**3. Calculate b(-3).
3
Suppose 0 = b - 2 - 1. Let p(k) = -k**3 + 4*k**2 + 7*k - 4. Let m be p(5). Let r(g) = -b*g + 3 + m*g - 2*g. Give r(0).
3
Let q(l) = 4*l + 2. Let f(d) = 5*d + 3. Let r be -3*(-2 - 4/(-12)). Let a(u) = r*f(u) - 6*q(u). Let c be (-17)/(-4) + 1/(-4). What is a(c)?
7
Suppose -3*t + 5*t = 0. Let a(u) = -u**2. Let h(f) = f**2 + 1. Let c(j) = 6*a(j) + 5*h(j). Give c(t).
5
Let c = 10 - 4. Suppose 4*m + c = m. Let x(i) = -i**3 - 2*i**2. Calculate x(m).
0
Let p(x) = -x**3 - 7*x**2 - 2*x - 10. Let s = 14 - 21. Let l be p(s). Suppose -2*g + 2 = -l*g. Let b(r) = -4*r**3 - r**2 + 1. Calculate b(g).
4
Suppose -4*w + 4 = -3*k, 2*k - 34 = -4*w - 10. Suppose -w = -4*p + 8. Let a(u) = 6 + u**2 - 5*u - p + 2. What is a(4)?
1
Let y be (-152)/28 + (-8)/14. Let u(n) = -n**2 - 6*n - 1. Give u(y).
-1
Let f(b) be the first derivative of -b**7/840 + b**6/72 + b**5/30 + 7*b**4/24 - b**3/3 + 1. Let k(x) be the third derivative of f(x). Calculate k(6).
-5
Let w(m) = -3 + 6 + 0 - m. Let v = 1 - -3. Give w(v).
-1
Suppose h = -v - 2*v + 20, -3*h - 10 = -5*v. Suppose -2*a - 15 = -v*a. Let z(w) = -w**2 + 4*w + 1. What is z(a)?
-4
Let i be 1/(-4)*(-3 + -5). Suppose -2*f + 0*f = -4. Let s(a) = 0 - f + 1 - a**2 + 2*a. Give s(i).
-1
Let c(a) = a**2 + 3*a + 4. Let i be c(-4). Let s(p) = p - 6. Let v be s(i). Suppose -2*g = 2*d - 12 + 4, d + 3*g - v = 0. Let m(o) = o - 7. Determine m(d).
-2
Let u be (-72)/28 + ((-22)/(-14) - 2). Let r(j) = -j**2 - 4*j. What is r(u)?
3
Suppose -7*y + 11*y - 8 = 0. Let t(a) = -2*a**3 + 4*a**3 - a**3 - 4 - 3*a**y - a. Give t(4).
8
Let m(h) = -h**2 + 3*h - 1. Let j(r) = -r**3 - r**2 + 2*r - 4. Let b(p) = -4*p**3 - 5*p**2 + 8*p - 17. Let y(i) = 2*b(i) - 9*j(i). Let k be y(2